6
Let f(r) = r**2 - 334*r - 5235. Calculate f(-15).
0
Let v(t) = -160*t + 920. What is v(5)?
120
Let j(g) = g**3 + 25*g**2 - 55*g - 96. Give j(-27).
-69
Let t(z) = z**2 - 16*z - 122. Give t(21).
-17
Let v(l) = 7*l**2 + 23*l + 21. What is v(-10)?
491
Let i(z) = z**3 - z + 64. Calculate i(0).
64
Let t(s) = 6*s**2 + 1354*s - 2711. Calculate t(2).
21
Let j(x) = -4*x**2 - 324*x - 639. What is j(-2)?
-7
Let s(p) = -3*p**3 + 35*p**2 - 21*p - 27. Determine s(11).
-16
Let j(q) = -157*q + 1613. Give j(11).
-114
Let j(l) = 101*l + 341. Calculate j(-4).
-63
Let f(l) = -8*l**3 - 120*l**2 + 3. Determine f(-15).
3
Let i(r) = -72*r - 1512. What is i(-21)?
0
Let k(c) = 17*c**3 + 141*c**2 - 108*c - 12. What is k(-9)?
-12
Let k(d) = d**3 + 7*d**2 + 77*d + 670. Calculate k(-9).
-185
Let a(h) = -h**2 + 46*h - 342. What is a(10)?
18
Let f(o) = o**2 + 37*o - 145. Calculate f(-41).
19
Let g(y) = -y**3 + 153*y**2 + 190*y - 5544. Give g(154).
0
Let u(c) = -5*c**2 + 50*c + 8. Calculate u(7).
113
Let z(h) = h**3 - 4*h**2 + 2*h + 85. Calculate z(0).
85
Let f(t) = 2*t**2 - 64*t + 169. What is f(29)?
-5
Let f(a) = -492*a - 4922. What is f(-10)?
-2
Let s(y) = 142*y + 4423. Calculate s(-32).
-121
Let b(i) = -124*i - 4093. Calculate b(-33).
-1
Let a(w) = -554*w + 16063. What is a(29)?
-3
Let o(n) = -n**2 - 38*n + 1412. Calculate o(-60).
92
Let f(z) = -39*z - 977. Give f(-28).
115
Let u(m) = 7*m**2 + 24*m - 26. What is u(-4)?
-10
Let k(n) = -2*n**2 - 23*n - 79. Give k(-4).
-19
Let k(z) = -z**3 + 6*z**2 + 17*z - 57. Determine k(7).
13
Let f(h) = -396*h + 30089. Determine f(76).
-7
Let s(r) = -r**3 + 6*r**2 + 96*r - 17. Determine s(-7).
-52
Let p(v) = -v**3 - 19*v**2 - v - 414. Determine p(-20).
6
Let c(y) = 2*y**2 + 292*y + 1120. Give c(-4).
-16
Let z(g) = -63*g + 65. Calculate z(4).
-187
Let a(u) = -5*u**3 + 5*u**2 - 5*u + 1. Calculate a(1).
-4
Let a(j) = 4027*j - 205383. What is a(51)?
-6
Let b(x) = -2*x**2 + 39*x + 185. Give b(24).
-31
Let i(v) = 5*v**2 - 45*v + 74. What is i(7)?
4
Let p(j) = 2*j**2 - 19*j + 4. Calculate p(9).
-5
Let b(l) = -l**2 - 16*l - 29. Give b(-7).
34
Let s(c) = 16*c**2 - 44*c + 7. What is s(3)?
19
Let p(j) = 36*j + 2090. Give p(-58).
2
Let t(o) = -23*o**2 + 154*o + 31. What is t(7)?
-18
Let j(f) = -f**3 - 139*f**2 - 4811*f - 60. What is j(-65)?
5
Let n(i) = -11*i**2 + 23*i - 29. Calculate n(2).
-27
Let u(z) = -4*z - 23. Calculate u(-17).
45
Let n(v) = 111*v**2 - 5216*v - 46. Give n(47).
1
Let x(l) = l**2 + 173*l + 175. Determine x(-1).
3
Let h(f) = f**3 + 22*f**2 + 190*f + 4169. Calculate h(-22).
-11
Let t(k) = -2*k**2 - 10*k + 40. What is t(6)?
-92
Let h(d) = -d**3 + 45*d**2 + 49*d - 59. Determine h(46).
79
Let c(d) = -92*d**2 + 6*d + 1. What is c(-1)?
-97
Let z(q) = q**3 - 20*q**2 - 2928*q + 61027. Give z(21).
-20
Let w(q) = -11*q**2 - 21*q - 18. Calculate w(-3).
-54
Let a(g) = -g**3 + 3*g**2 + 16*g + 13. What is a(6)?
1
Let m(a) = 6*a + 128. Give m(-11).
62
Let t(g) = -29*g - 352. Calculate t(-14).
54
Let v(j) = -2*j**2 - 34*j + 88. Give v(-19).
12
Let w(b) = 112*b + 1685. Calculate w(-15).
5
Let j(b) = 107*b**3 + 4*b**2 - 4*b. Calculate j(1).
107
Let s(q) = 143*q**3 - q**2 + 4*q - 2. What is s(1)?
144
Let k(z) = 62*z + 1221. Determine k(-20).
-19
Let t(d) = -9*d + 125. What is t(16)?
-19
Let g(f) = 16*f + 97. Give g(18).
385
Let o(q) = q**2 + 30*q - 38. Calculate o(-23).
-199
Let z(s) = 27*s + 5444. Calculate z(-202).
-10
Let a(i) = i**3 + 6*i**2 + 13*i - 1. Determine a(-4).
-21
Let s(g) = -3*g**2 - 44*g - 109. What is s(-12)?
-13
Let a(o) = 4*o**2 - 3*o - 50. Calculate a(6).
76
Let k(z) = -z**3 - 14*z**2 - 15*z + 85. What is k(-10)?
-165
Let u(l) = -6087*l + 18266. Determine u(3).
5
Let k(u) = 41*u**2 - 55*u + 57. Give k(1).
43
Let a(b) = -b**3 + 2*b**2 + 14*b + 756. What is a(0)?
756
Let h(r) = -r**2 - 185*r - 6901. What is h(-133)?
15
Let w(p) = -231*p + 1240. What is w(9)?
-839
Let z(x) = -4964*x - 29808. Give z(-6).
-24
Let v(m) = 446*m - 1647. What is v(4)?
137
Let u(o) = -2*o**2 + 138*o - 1605. Determine u(54).
15
Let w(x) = x**2 - 19*x - 62163. Give w(-240).
-3
Let h(b) = 50*b - 475. Calculate h(9).
-25
Let d(c) = -c**3 + 12*c**2 + 141*c - 5. Give d(19).
147
Let c(a) = 7*a**2 - 8*a + 13. What is c(0)?
13
Let j(g) = g**2 + 8*g - 1101. Calculate j(-37).
-28
Let x(g) = -36*g - 227. Give x(-3).
-119
Let p(v) = v**2 + 324*v + 9080. Determine p(-31).
-3
Let l(t) = 7*t**2 - 58*t - 6. Calculate l(8).
-22
Let n(u) = -u**3 + 9*u**2 - 12*u + 2. What is n(5)?
42
Let f(d) = -2*d**3 + 71*d**2 + 12*d - 106. What is f(36)?
-970
Let h(g) = 100*g - 12241. Give h(122).
-41
Let i(y) = -y**3 + 10*y**2 + y + 137. Determine i(11).
27
Let k(o) = -2*o**3 + 2*o**2 + 67*o + 142. What is k(-3)?
13
Let n(k) = -2*k**3 - 17*k**2 - k + 87. Calculate n(-11).
703
Let m(t) = 234*t + 697. Calculate m(-3).
-5
Let r(d) = 39*d**2 - 286*d - 22. Calculate r(8).
186
Let w(b) = -10415*b - 41662. What is w(-4)?
-2
Let p(f) = -f**3 + 10*f**2 - 25*f + 222. Determine p(11).
-174
Let s(d) = d**3 - 14*d**2 - 39*d + 105. What is s(16)?
-7
Let a(p) = -17*p**2 - 192*p - 330. Give a(-9).
21
Let i(k) = -2*k - 139. Give i(-39).
-61
Let z(n) = 9*n**2 - 46*n + 168. What is z(5)?
163
Let v(b) = b**2 - 12*b + 97. Determine v(0).
97
Let b(t) = 119*t - 457. Give b(4).
19
Let y(l) = 34*l + 3045. Determine y(-88).
53
Let j(l) = 2*l**2 + 488*l - 13454. Determine j(-269).
-4
Let f(g) = 248*g**2 - 3723*g - 4. What is f(15)?
-49
Let a(q) = q**3 - 13*q**2 + 21*q - 50. What is a(11)?
-61
Let h(k) = k**3 + 224*k**2 - 20216*k + 287. What is h(-293)?
-6
Let r(f) = -f**2 - 551*f + 99. Give r(0).
99
Let s(n) = -18*n**3 - 5*n**2 + 5*n - 1. Calculate s(2).
-155
Let z(r) = r**3 + 84*r**2 + 164*r + 2. Determine z(-82).
2
Let z(g) = g**2 - 32*g + 114. Calculate z(28).
2
Let c(b) = -1032*b - 6207. What is c(-6)?
-15
Let g(c) = -1760*c - 8805. Give g(-5).
-5
Let z(l) = -l**2 - 30*l - 162. Determine z(-30).
-162
Let g(k) = k**2 + 7*k - 453. Give g(18).
-3
Let r(c) = -c**2 - 38*c - 273. Give r(-9).
-12
Let c(h) = 168*h + 14458. What is c(-86)?
10
Let l(s) = s**2 - 65*s + 952. Calculate l(38).
-74
Let x(n) = 534*n + 3209. What is x(-6)?
5
Let w(v) = v**3 - 22*v**2 - 109*v + 118. Calculate w(26).
-12
Let t(j) = -97*j - 2032. What is t(-21)?
5
Let w(m) = m**3 + 20*m**2 + 3*m. Give w(-20).
-60
Let v(o) = -3*o**2 + 19*o + 65. Determine v(8).
25
Let f(w) = 1658*w + 72953. Calculate f(-44).
1
Let m(x) = -x**3 + 14*x**2 + 19*x - 97. Give m(15).
-37
Let k(b) = b**2 - 495*b - 1488. Calculate k(-3).
6
Let b(j) = 15*j + 18. What is b(16)?
258
Let s(a) = -18*a + 626. Give s(35).
-4
Let s(p) = -6*p**2 + 151*p - 26. Calculate s(25).
-1
Let k(i) = -7*i + 90. Determine k(-2).
104
Let p(b) = -8*b + 191. Give p(9).
119
Let d(u) = -21*u - 227. Calculate d(-11).
4
Let q(u) = -u**3 - 3*u**2 + 60*u + 242. Calculate q(-5).
-8
Let j(b) = 1461*b + 62866. What is j(-43)?
43
Let f(q) = -3*q**3 + 9*q**2 + 546*q + 16. What is f(-12)?
-56
Let f(s) = 38*s**3 - 3*s**2 - s + 2. Calculate f(-1).
-38
Let c(a) = a**3 + 25*a**2 + 6*a + 314. Determine c(-26).
-518
Let w(j) = -7*j**2 - 125*j + 8. What is w(-18)?
-10
Let a(b) = -b**2 - 19*b - 275. What is a(-26)?
-457
Let d(p) = -p**2 + 23*p - 73. Give d(21).
-31
Let t(o) = o**2 + 9*o - 91. What is t(-14)?
-21
Let s(h) = 7*h**2 - 95*h - 164. Determine s(15).
-14
Let o(y) = y**2 - 29*y + 69. Give o(14).
-141
Let o(k) = -k**2 - 249*k + 79055. Give o(-432).
-1
Let u(s) = -9*s + 102. Give u(-13).
219
Let d(a) = 57*a + 5. What is d(-2)?
-109
Let x(j) = -j**2 - 74*j - 1279. What is x(-28)?
9
Let n(f) = 15*f - 767. Calculate n(37).
-212
Let w(i) = 26*i**2 + 116*i + 39. Calculate w(-4).
-9
Let x(q) = 10*q**2 + 112*q - 82. Give x(-12).
14
Let v(s) = s**3 - s**2 - 100*s + 113. What is v(10)?
13
Let w(i) = 4*i**2 - 17*i + 49. What is w(4)?
45
Let g(c) = -3*c**3 - 124*c**2 - 31*c + 142. Calculate g(-41).
-268
Let h(g) = 3*g**3 + 7*g**2 - 20*g - 35. What is h(-3)?
7
Let p(s) = -9*s**2 - 190*s + 394. Determine p(-23).
3
Let k(i) = i**2 + 119*i + 2599. Calculate k(-29).
-11
Let l(v) = -v**2 + 24*v + 1308. Calculate l(50).
8
Let h(p) = 45*p + 50. Determine h(-4).
-130
Let o(g) = -g**3 + 18*g**2 + 88*g + 150. Calculate o(22).
150
Let b(x) = 5*x + 82. Calculate b(0).
82
Let x(d) = -754*d - 1486. Give x(-2).
22
Let a(p) = 18*